24 - 31*v**3/3 + 1139*v**2 + 3. Determine b(43).
-19
Let w(r) = -r**2 - 5*r - 3. Let y(l) = 20*l**2 - 7*l + 19. Let b be y(2). Suppose 0 = -4*p + 49 - b. Calculate w(p).
-39
Suppose 2*q + 311 = 3*p, -5*q = -2*p - 7*q + 204. Let a(v) = p*v**3 + 1 + v**2 + 0 - 102*v**3 + v. Give a(-2).
-5
Let n(v) = -53939*v**2 - 24*v**3 + v + 53938*v**2 - 5*v**3. What is n(1)?
-29
Let y(z) = -z**2 - z. Let g(i) = i**2 - 7*i + 3. Let u = -241 - -236. Let s(k) = u*y(k) + g(k). Give s(2).
23
Let x(a) = -a**2 + 7*a - 7. Suppose -3*m - 8*u = -3*u - 115, u = -4. Let t be ((-18)/m)/(6/(-105)). Determine x(t).
-7
Let r = -659 - -658. Let i(x) = -17*x**2. Calculate i(r).
-17
Let r(l) = 1. Let t(z) = -1 + 4*z + 2 - 1. Let k(g) = r(g) - t(g). Let b = 186 - 187. Give k(b).
5
Let m(j) = -j**2 - j + 27. Let a be 24/(-60) + (-34)/(-10). Suppose 12 = 4*y + 3*t, 0 = -0*y + 3*y + a*t - 12. What is m(y)?
27
Let n = 29 + 197. Let i = 218 - n. Let v(d) = d**2 + 3*d. Determine v(i).
40
Let c(j) = -28*j - 4. Suppose 0 = -9*x - 57 + 48. Determine c(x).
24
Let c = 81 - 77. Let h be (-6 - -5)*(4 + c + -2). Let u(j) = -j**3 - 6*j**2 + j - 3. Give u(h).
-9
Let t(i) = -3*i**3 + 2*i**2 - i. Let h = 268 - 303. Let x = h - -36. Calculate t(x).
-2
Let r(w) = -8*w + 28*w**3 + 35*w**3 - 62*w**3 + 36 - 7 + 9*w**2. Give r(-10).
9
Suppose 0 = 47*n + 25840 - 25699. Let l(b) = 40*b + 121. What is l(n)?
1
Let s = 97 + -105. Let q(b) be the third derivative of b**5/60 + 11*b**4/24 + 11*b**3/6 - 166*b**2. Calculate q(s).
-13
Suppose 5*y + 0*x + 65 = -8*x, 0 = 3*y - 2*x + 5. Let f(h) = -h**3 - 4*h**2 + 17*h + 59. Give f(y).
-1
Let l(i) = -4*i + 38. Suppose 0 = -4*x + 4*c + 80, 4*x - 8 = -4*c + 24. Calculate l(x).
-18
Let d(h) = -4*h - 2. Let k = 284 + -281. Suppose -k*x - 10 = -r, -x - 3*r - 4 + 14 = 0. Calculate d(x).
6
Let z be (-30)/(-21)*(31 + -3). Suppose -8*m - 12*m - z = 0. Let k(r) = -r**3 - 2*r**2 - r - 1. What is k(m)?
1
Let f(x) be the third derivative of -98*x**2 + 0*x - 1/2*x**3 - 1/12*x**4 + 0. What is f(-6)?
9
Let t(j) = 7*j + 1. Let z(x) = -x**2 - 42*x - 1. Let o(i) = 5*t(i) + z(i). Determine o(-6).
10
Let i be 0*((4 - -13)/(-51))/(7/21). Let f(m) be the second derivative of -m**4/12 - 11*m**2/2 + 2*m. Give f(i).
-11
Let j(s) = -2 - s**3 + s**2 + s + 5 + 2*s**3. Let d = -2034 - -2031. Give j(d).
-18
Let v = -17 - -21. Let n be (-1 - -4) + -5 + 4. Let x(t) = n*t + t - 5 + 3. What is x(v)?
10
Let k(j) = j**2 + 4*j - 60. Suppose -153*w = -192*w - 390. Give k(w).
0
Let q(o) = o**3 + 5*o**2 + o + 4. Suppose p + 1 = -4*p - f, -2 = p + 2*f. Suppose p = -23*k + 22*k - 5. Give q(k).
-1
Let h(k) = -349*k - 35. Let d(z) = -102*z - 12. Let y(b) = -7*d(b) + 2*h(b). Give y(-3).
-34
Suppose 5*y + 5*k - 40 = 0, 8*k - 4*k + 8 = 0. Let c(s) = -3*s - 10 + y. Suppose 2*f + 27 - 25 = 0. What is c(f)?
3
Let j(p) = -8*p**2 + p + 1. Let f(y) = y**3 + 8*y**2 + 10*y - 1. Let r be f(-2). Let s = r + -4. Give j(s).
-8
Let z(q) = q**3 + 6*q**2 + 4*q + 3. Let u = 87 + -50. Suppose u = 2*b - 3*h, 2*b - 6 = -3*h + 25. Suppose -9 = -14*x + b*x. Calculate z(x).
18
Suppose 6*l = 3*l - 9. Let g(q) = -3*q**2 + 4*q - 1. Let v(w) = 7*w**2 - 12*w + 2. Let c(h) = 5*g(h) + 2*v(h). Determine c(l).
2
Let j(i) be the first derivative of i**4/4 - 5*i**3/3 - i**2 - 16. Let g = -662 + 667. Determine j(g).
-10
Let i(z) be the first derivative of z**4/4 + 26*z**3/3 + 25*z**2/2 - 7*z + 790. Calculate i(-25).
-7
Let g be -7 + (5 + -4 - 4). Let l be g - -11 - (-5 - 0). Let u(q) = 10*q - 2*q**2 + 8 + 2*q**2 + q**2 - 18*q. Determine u(l).
-4
Let d(n) = -n - 6. Let u(m) = 5350 - 2*m**3 + 3*m - m - 5357. Let h be u(0). Calculate d(h).
1
Let q(d) be the second derivative of -d**5/20 - 5*d**4/6 + 11*d**3/6 - 7*d**2/2 - 6*d. Let c = -2476 + 2465. Calculate q(c).
-7
Let w(p) = 2*p + 7*p**2 + 3 + 2*p - p**3 - 3*p**2. Let i(h) = -829*h - 7456. Let k be i(-9). Determine w(k).
-2
Let o be (-102)/14 + (-4)/(-14). Let g(y) = -27*y**2 + 12*y + 3. Let z(n) = -74*n**2 + 35*n + 9. Let u(d) = -11*g(d) + 4*z(d). Give u(o).
-4
Let p(d) = 5171 - 2*d**2 - 5*d - d - 5171. Let m be p(-4). Let w(n) = 3*n + 4. Let b(l) = -10*l - 13. Let i(t) = -2*b(t) - 7*w(t). Calculate i(m).
6
Suppose 0 = 5*v - 3*w - 40 - 1, -2*v + 2*w = -14. Let t(n) = -n + v + 10 - 166*n**2 + 8*n + 165*n**2. Give t(9).
2
Let x be 51/15 - -2*(-3)/15. Suppose 4*u = k + 18, -2*u - 8 = x*k + 4. Let d(j) = -j + 2. What is d(k)?
8
Suppose 0 = 81*b - 65*b - 96. Let s(o) = -18*o**2 + 7*o + 7. Let a(i) = 2*i**2 - i - 1. Let x(t) = b*a(t) + s(t). What is x(-1)?
-6
Let f(l) = -l - 7. Let n be 8/(-32) - (0 + (-99)/12). Suppose -2*v - n = -20. Let k be (v/4)/((-18)/48). Calculate f(k).
-3
Suppose 4*m + 26 = -3*u, 0 = -3*m - u + 53 - 65. Let i(p) = -p**3 + 3*p**2 + 11*p + 1. Determine i(m).
-1
Let o(t) = -3*t + 22 - 86076*t**2 - 24 + 86072*t**2. Give o(-2).
-12
Suppose 2*v - 4 = c - 7, 5*c + v = 15. Let j(r) = -r**c - 153*r**2 + 3 + 56*r**2 + 48*r**2 + 57*r**2. Calculate j(8).
3
Let n(d) = 13 + 4*d - 8*d - 113 + 8*d. Let z be n(23). Let r(o) = -o**2 - 6*o + 11. Give r(z).
-5
Let d(l) = -l**2 - 9*l - 11. Suppose 90 = 66*t - 61*t. Let q = 3 + t. Let y = 13 - q. Determine d(y).
-3
Let r(q) = -q - 105. Let y(l) = -15*l - 1362. Let i(p) = -27*r(p) + 2*y(p). Calculate i(37).
0
Let f(j) be the second derivative of -j**5/120 - j**4/12 + 17*j**3/6 + 3*j**2/2 + 42*j + 3. Let r(q) be the second derivative of f(q). What is r(3)?
-5
Let h be -1*(-8)/(-5)*(3 - -2). Let o(b) = 4*b + 3. Calculate o(h).
-29
Let v(s) = 2*s - 9 + 6*s - 11*s + 0*s + s. Let m be (-18)/8 - (-1)/4. Let q be m/6 + 40/(-6). Calculate v(q).
5
Suppose 3*t + t = 4, -2*r + 2*t = -52. Let b = -19 + r. Let o(n) be the first derivative of n**2/2 - n - 2894. Give o(b).
7
Let y(i) = -i**3 - 4*i**2 - 5*i - 2. Let x(a) = a**3 + 1. Let m be x(1). Let n be (7/7)/(m/106). Let o = n + -57. Give y(o).
18
Let u(w) be the third derivative of -w**6/120 + 11*w**5/60 + 3*w**4/8 - 7*w**3/3 - 480*w**2. What is u(12)?
-50
Let c = -6 - -14. Suppose 53*q - 55*q = -c. Suppose 3*d + 6 = -2*i - 14, 3*i + q = 2*d. Let x(m) = m**3 + 4*m**2 + 2*m + 3. Give x(i).
-5
Let v be 5/(-3)*-3 - -1. Let y(b) be the third derivative of b**6/120 - b**5/10 - 7*b**3/6 - b**2 - 3*b - 2944. What is y(v)?
-7
Let x(z) = -420*z + 2095. Let j be x(5). Let v(n) = -13*n - 7. What is v(j)?
58
Let m(z) = z**2 + 4*z - 8. Let o = 56 + -69. Let c = o - -7. Determine m(c).
4
Let d(u) = 11*u + 16 - 22*u + u**2 - 13*u. Give d(23).
-7
Suppose 27*b = -5*q + 23*b + 26, 0 = -5*q + 2*b + 2. Let w(f) = -q*f - 6 - 10 + 20 - 17. Give w(11).
-35
Let q(o) = o**3 + o**2 - 3*o + 4. Let d be q(0). Suppose d*u - 8*u = -8. Let w(l) = l**3 + 0*l + 3*l**2 + l**2 + u*l. Calculate w(-3).
3
Let w(j) be the first derivative of j**4/4 - 2*j**3 - 7*j - 13. Let b(o) = o**3 - 5*o**2 + 9*o - 14. Let k be b(4). Calculate w(k).
-7
Let j(d) = -d + 6. Let z be (2/(-5))/(4 - 84/20). Suppose 2*w - 8 = -z, -3*q - w + 120 = 0. Suppose -35*m - 32 = -q*m. Give j(m).
-2
Let n(a) = a**2 + 15*a + 49. Let o = 117 + -125. Determine n(o).
-7
Let d = -8958 - -8961. Let j(n) be the first derivative of 16 + 1/3*n**d + 0*n + n**2. Determine j(-5).
15
Suppose -s = f - 24, 5*f + 0*s = 4*s + 84. Suppose 0 = -7*w + 2*w + f. Let x(k) = -13*k - k**3 - w - 5*k**2 + 4*k - 3*k**2 + k**2. Give x(-6).
14
Let q(s) = 7*s**3 - 3*s**2 + 4*s - 10. Let t(j) = -5*j**3 + 4*j**2 - 3*j + 6. Let x(l) = -2*q(l) - 3*t(l). What is x(5)?
-18
Suppose -4*l = 2*j, -6*l + 5*l + 18 = -4*j. Let y(t) = 3*t - 5. What is y(l)?
1
Let n(u) be the first derivative of 0*u + 1/2*u**2 - 9*u**3 + 88. Give n(1).
-26
Let g(x) = -5*x**2 + 27*x - 40. Let o be g(2). Let s(p) = -p**3 - 9*p**2 - 22*p - 49. Give s(o).
-25
Let s(p) = p**2 + 14*p - 25. Let g = 6133 - 6151. What is s(g)?
47
Let c(d) = -14*d**2 + 15*d - 1. Let b(n) = -16*n**2 + 17*n - 3. Let q(a) = 6*b(a) - 7*c(a). Give q(6).
43
Let y = -5 + 5. Let u(q) = -4*q**2 + 3*q**2 - 2*q**2 - 18 + 4*q**2. What is u(y)?
-18
Let y(l) = 1211227*l**3 - 1211228*l**3 - 5*l**2 - 5 - 5*l + 2. Determine y(-2).
-5
Suppose 195 = 148*a - 85 - 16. Let f(l) be the second derivative of -1/20*l**5 - 7/2*l**a - 1/2*l**4 + 35*l + 0 - 1/3*l**3. Give f(-6).
5
Let x(f) = -f + 2. Let t(l) = 12*l - 285. Let p be t(24). Let d be (-2 + 3)/(2/4). Suppose d + 3 = 5*b, 0 = -3